{"id":470,"date":"2017-10-11T16:10:11","date_gmt":"2017-10-11T14:10:11","guid":{"rendered":"http:\/\/www.cultura.ch\/cultura-copy\/"},"modified":"2023-12-08T15:43:38","modified_gmt":"2023-12-08T14:43:38","slug":"politique-culturelle","status":"publish","type":"page","link":"https:\/\/www.cultura.ch\/fr\/politique-culturelle\/","title":{"rendered":"Politique culturelle"},"content":{"rendered":"<h2>R\u00e9duction de la redevance de la SSR (2023)<\/h2>\n<p><a href=\"https:\/\/www.cultura.ch\/wp-content\/uploads\/2023\/12\/Senkung-SRG-Abgabe-Stellungnahme-cultura_6.12.23.pdf\">Prise de position du 6 d\u00e9cembre 2023 (PDF, allemand)<\/a><\/p>\n<h2>Message culture 2025\u20132028<\/h2>\n<p>L&rsquo;association +cultura s&rsquo;est prononc\u00e9e sur le projet de consultation du Conseil f\u00e9d\u00e9ral sur le Message culture 2025\u20132028.<\/p>\n<p><a href=\"https:\/\/www.cultura.ch\/wp-content\/uploads\/2023\/12\/Kulturbotschaft-Stellungnahme-cultura_16.9.23-verschoben2.pdf\">Position +cultura message culture 2025\u20132028 (PDF, allemand)<\/a><\/p>\n<h2>Message culture 2021\u20132024<\/h2>\n<p><a href=\"https:\/\/www.cultura.ch\/wp-content\/uploads\/2020\/05\/2020-05-10_Avis_CULTURA_consultation_message_culture_2021-24_fr.pdf\">Avis du 13 mai 2020 (PDF)<\/a><\/p>\n<p>L&rsquo;association +cultura s&rsquo;est prononc\u00e9e sur le projet de consultation du Conseil f\u00e9d\u00e9ral sur le Message culture 2021\u20132024.<\/p>\n<p><a href=\"https:\/\/www.cultura.ch\/wp-content\/uploads\/2019\/10\/Kulturbotschaft_2021-24_Stellungnahme_CULTURA.pdf\">Position +cultura message culture 2021\u20132024 (PDF, deutsch)<\/a><\/p>\n<h2>Message culture 2016\u20132019<\/h2>\n<p>L&rsquo;association +cultura s&rsquo;est prononc\u00e9e sur le projet de consultation du Conseil f\u00e9d\u00e9ral sur le Message culture 2016\u20132019.<\/p>\n<p><a href=\"http:\/\/www.cultura.ch\/wp-content\/uploads\/2014\/06\/Stellungnahme_CULTURA_Kulturbotschaft_2016-19.pdf\">Position +cultura message culture 2016\u20132019 (PDF, deutsch)<\/a><\/p>\n<h2>Loi sur le droit d&rsquo;auteur<\/h2>\n<p>L&rsquo;association +cultura a donn\u00e9 son avis \u00e0 BR Simonetta Sommaruga sur la r\u00e9vision du droit d&rsquo;auteur.<\/p>\n<p><a href=\"http:\/\/www.cultura.ch\/wp-content\/uploads\/2014\/06\/Verein-CULTURA-Stellungnahme-URG.pdf\" rel=\"\">D\u00e9claration Loi sur le droit d&rsquo;auteur (PDF, deutsch)<\/a><\/p>\n<p><a href=\"http:\/\/www.cultura.ch\/wp-content\/uploads\/2014\/06\/Verein-CULTURA-Stellungnahme-URG-Nachtrag.pdf\" rel=\"\">Suppl\u00e9ment \u00e0 la D\u00e9claration Loi sur le droit d&rsquo;auteur (PDF, deutsch)<\/a><\/p>\n<p><a href=\"https:\/\/www.cultura.ch\/wp-content\/uploads\/2019\/10\/Revision_URG_Stellungnahme_CULTURA_Lichtbildschutz_2019-03-10.pdf\">Suppl\u00e9ment 2019 \u00e0 la protection photographique (\u00abLichtbildschutz\u00bb) (PDF, deutsch)<\/a><\/p>\n","protected":false},"excerpt":{"rendered":"<p>R\u00e9duction de la redevance de la SSR (2023) Prise de position du 6 d\u00e9cembre 2023 (PDF, allemand) Message culture 2025\u20132028 L&rsquo;association +cultura s&rsquo;est prononc\u00e9e sur le projet de consultation du Conseil f\u00e9d\u00e9ral sur le Message culture 2025\u20132028. Position +cultura message culture 2025\u20132028 (PDF, allemand) Message culture 2021\u20132024 Avis du 13 mai 2020 (PDF) L&rsquo;association +cultura &hellip; <a href=\"https:\/\/www.cultura.ch\/fr\/politique-culturelle\/\" class=\"more-link\">Continuer la lecture de <span class=\"screen-reader-text\">Politique culturelle<\/span>  <span class=\"meta-nav\">&rarr;<\/span><\/a><\/p>\n","protected":false},"author":7,"featured_media":0,"parent":0,"menu_order":19,"comment_status":"closed","ping_status":"closed","template":"","meta":{"iawp_total_views":75,"footnotes":""},"class_list":["post-470","page","type-page","status-publish","hentry"],"yoast_head":"<!-- This site is optimized with the Yoast SEO plugin v27.5 - https:\/\/yoast.com\/product\/yoast-seo-wordpress\/ -->\n<title>CULTURA - l\u2019association fa\u00eeti\u00e8re des institutions culturelles suisses<\/title>\n<meta name=\"description\" content=\"\u00ab CULTURA \u00bb est l\u2019association fa\u00eeti\u00e8re des organisations repr\u00e9sentant les int\u00e9r\u00eats des institutions culturelles suisses.\" \/>\n<meta name=\"robots\" content=\"index, follow, max-snippet:-1, max-image-preview:large, max-video-preview:-1\" \/>\n<link rel=\"canonical\" href=\"https:\/\/www.cultura.ch\/fr\/politique-culturelle\/\" \/>\n<meta property=\"og:locale\" content=\"fr_FR\" \/>\n<meta property=\"og:type\" content=\"article\" \/>\n<meta property=\"og:title\" content=\"CULTURA - l\u2019association fa\u00eeti\u00e8re des institutions culturelles suisses\" \/>\n<meta property=\"og:description\" content=\"\u00ab CULTURA \u00bb est l\u2019association fa\u00eeti\u00e8re des organisations repr\u00e9sentant les int\u00e9r\u00eats des institutions culturelles suisses.\" \/>\n<meta property=\"og:url\" content=\"https:\/\/www.cultura.ch\/fr\/politique-culturelle\/\" \/>\n<meta property=\"og:site_name\" content=\"CULTURA\" \/>\n<meta property=\"article:modified_time\" content=\"2023-12-08T14:43:38+00:00\" \/>\n<meta name=\"twitter:label1\" content=\"Dur\u00e9e de lecture estim\u00e9e\" \/>\n\t<meta name=\"twitter:data1\" content=\"1 minute\" \/>\n<script type=\"application\/ld+json\" class=\"yoast-schema-graph\">{\"@context\":\"https:\\\/\\\/schema.org\",\"@graph\":[{\"@type\":\"WebPage\",\"@id\":\"https:\\\/\\\/www.cultura.ch\\\/fr\\\/politique-culturelle\\\/\",\"url\":\"https:\\\/\\\/www.cultura.ch\\\/fr\\\/politique-culturelle\\\/\",\"name\":\"CULTURA - l\u2019association fa\u00eeti\u00e8re des institutions culturelles suisses\",\"isPartOf\":{\"@id\":\"https:\\\/\\\/www.cultura.ch\\\/fr\\\/#website\"},\"datePublished\":\"2017-10-11T14:10:11+00:00\",\"dateModified\":\"2023-12-08T14:43:38+00:00\",\"description\":\"\u00ab CULTURA \u00bb est l\u2019association fa\u00eeti\u00e8re des organisations repr\u00e9sentant les int\u00e9r\u00eats des institutions culturelles suisses.\",\"breadcrumb\":{\"@id\":\"https:\\\/\\\/www.cultura.ch\\\/fr\\\/politique-culturelle\\\/#breadcrumb\"},\"inLanguage\":\"fr-FR\",\"potentialAction\":[{\"@type\":\"ReadAction\",\"target\":[\"https:\\\/\\\/www.cultura.ch\\\/fr\\\/politique-culturelle\\\/\"]}]},{\"@type\":\"BreadcrumbList\",\"@id\":\"https:\\\/\\\/www.cultura.ch\\\/fr\\\/politique-culturelle\\\/#breadcrumb\",\"itemListElement\":[{\"@type\":\"ListItem\",\"position\":1,\"name\":\"Startseite\",\"item\":\"https:\\\/\\\/www.cultura.ch\\\/fr\\\/\"},{\"@type\":\"ListItem\",\"position\":2,\"name\":\"Politique culturelle\"}]},{\"@type\":\"WebSite\",\"@id\":\"https:\\\/\\\/www.cultura.ch\\\/fr\\\/#website\",\"url\":\"https:\\\/\\\/www.cultura.ch\\\/fr\\\/\",\"name\":\"CULTURA\",\"description\":\"Dachverband f\u00fcr die Interessenverb\u00e4nde der Schweizer Kulturinstitutionen\",\"potentialAction\":[{\"@type\":\"SearchAction\",\"target\":{\"@type\":\"EntryPoint\",\"urlTemplate\":\"https:\\\/\\\/www.cultura.ch\\\/fr\\\/?s={search_term_string}\"},\"query-input\":{\"@type\":\"PropertyValueSpecification\",\"valueRequired\":true,\"valueName\":\"search_term_string\"}}],\"inLanguage\":\"fr-FR\"}]}<\/script>\n<!-- \/ Yoast SEO plugin. -->","yoast_head_json":{"title":"CULTURA - l\u2019association fa\u00eeti\u00e8re des institutions culturelles suisses","description":"\u00ab CULTURA \u00bb est l\u2019association fa\u00eeti\u00e8re des organisations repr\u00e9sentant les int\u00e9r\u00eats des institutions culturelles suisses.","robots":{"index":"index","follow":"follow","max-snippet":"max-snippet:-1","max-image-preview":"max-image-preview:large","max-video-preview":"max-video-preview:-1"},"canonical":"https:\/\/www.cultura.ch\/fr\/politique-culturelle\/","og_locale":"fr_FR","og_type":"article","og_title":"CULTURA - l\u2019association fa\u00eeti\u00e8re des institutions culturelles suisses","og_description":"\u00ab CULTURA \u00bb est l\u2019association fa\u00eeti\u00e8re des organisations repr\u00e9sentant les int\u00e9r\u00eats des institutions culturelles suisses.","og_url":"https:\/\/www.cultura.ch\/fr\/politique-culturelle\/","og_site_name":"CULTURA","article_modified_time":"2023-12-08T14:43:38+00:00","twitter_misc":{"Dur\u00e9e de lecture estim\u00e9e":"1 minute"},"schema":{"@context":"https:\/\/schema.org","@graph":[{"@type":"WebPage","@id":"https:\/\/www.cultura.ch\/fr\/politique-culturelle\/","url":"https:\/\/www.cultura.ch\/fr\/politique-culturelle\/","name":"CULTURA - l\u2019association fa\u00eeti\u00e8re des institutions culturelles suisses","isPartOf":{"@id":"https:\/\/www.cultura.ch\/fr\/#website"},"datePublished":"2017-10-11T14:10:11+00:00","dateModified":"2023-12-08T14:43:38+00:00","description":"\u00ab CULTURA \u00bb est l\u2019association fa\u00eeti\u00e8re des organisations repr\u00e9sentant les int\u00e9r\u00eats des institutions culturelles suisses.","breadcrumb":{"@id":"https:\/\/www.cultura.ch\/fr\/politique-culturelle\/#breadcrumb"},"inLanguage":"fr-FR","potentialAction":[{"@type":"ReadAction","target":["https:\/\/www.cultura.ch\/fr\/politique-culturelle\/"]}]},{"@type":"BreadcrumbList","@id":"https:\/\/www.cultura.ch\/fr\/politique-culturelle\/#breadcrumb","itemListElement":[{"@type":"ListItem","position":1,"name":"Startseite","item":"https:\/\/www.cultura.ch\/fr\/"},{"@type":"ListItem","position":2,"name":"Politique culturelle"}]},{"@type":"WebSite","@id":"https:\/\/www.cultura.ch\/fr\/#website","url":"https:\/\/www.cultura.ch\/fr\/","name":"CULTURA","description":"Dachverband f\u00fcr die Interessenverb\u00e4nde der Schweizer Kulturinstitutionen","potentialAction":[{"@type":"SearchAction","target":{"@type":"EntryPoint","urlTemplate":"https:\/\/www.cultura.ch\/fr\/?s={search_term_string}"},"query-input":{"@type":"PropertyValueSpecification","valueRequired":true,"valueName":"search_term_string"}}],"inLanguage":"fr-FR"}]}},"_links":{"self":[{"href":"https:\/\/www.cultura.ch\/fr\/wp-json\/wp\/v2\/pages\/470","targetHints":{"allow":["GET"]}}],"collection":[{"href":"https:\/\/www.cultura.ch\/fr\/wp-json\/wp\/v2\/pages"}],"about":[{"href":"https:\/\/www.cultura.ch\/fr\/wp-json\/wp\/v2\/types\/page"}],"author":[{"embeddable":true,"href":"https:\/\/www.cultura.ch\/fr\/wp-json\/wp\/v2\/users\/7"}],"replies":[{"embeddable":true,"href":"https:\/\/www.cultura.ch\/fr\/wp-json\/wp\/v2\/comments?post=470"}],"version-history":[{"count":15,"href":"https:\/\/www.cultura.ch\/fr\/wp-json\/wp\/v2\/pages\/470\/revisions"}],"predecessor-version":[{"id":2016,"href":"https:\/\/www.cultura.ch\/fr\/wp-json\/wp\/v2\/pages\/470\/revisions\/2016"}],"wp:attachment":[{"href":"https:\/\/www.cultura.ch\/fr\/wp-json\/wp\/v2\/media?parent=470"}],"curies":[{"name":"wp","href":"https:\/\/api.w.org\/{rel}","templated":true}]}}

<h2>Réduction de la redevance de la SSR (2023)</h2>
<p><a href="https://www.cultura.ch/wp-content/uploads/2023/12/Senkung-SRG-Abgabe-Stellungnahme-cultura_6.12.23.pdf">Prise de position du 6 décembre 2023 (PDF, allemand)</a></p>
<h2>Message culture 2025–2028</h2>
<p>L&rsquo;association +cultura s&rsquo;est prononcée sur le projet de consultation du Conseil fédéral sur le Message culture 2025–2028.</p>
<p><a href="https://www.cultura.ch/wp-content/uploads/2023/12/Kulturbotschaft-Stellungnahme-cultura_16.9.23-verschoben2.pdf">Position +cultura message culture 2025–2028 (PDF, allemand)</a></p>
<h2>Message culture 2021–2024</h2>
<p><a href="https://www.cultura.ch/wp-content/uploads/2020/05/2020-05-10_Avis_CULTURA_consultation_message_culture_2021-24_fr.pdf">Avis du 13 mai 2020 (PDF)</a></p>
<p>L&rsquo;association +cultura s&rsquo;est prononcée sur le projet de consultation du Conseil fédéral sur le Message culture 2021–2024.</p>
<p><a href="https://www.cultura.ch/wp-content/uploads/2019/10/Kulturbotschaft_2021-24_Stellungnahme_CULTURA.pdf">Position +cultura message culture 2021–2024 (PDF, deutsch)</a></p>
<h2>Message culture 2016–2019</h2>
<p>L&rsquo;association +cultura s&rsquo;est prononcée sur le projet de consultation du Conseil fédéral sur le Message culture 2016–2019.</p>
<p><a href="http://www.cultura.ch/wp-content/uploads/2014/06/Stellungnahme_CULTURA_Kulturbotschaft_2016-19.pdf">Position +cultura message culture 2016–2019 (PDF, deutsch)</a></p>
<h2>Loi sur le droit d&rsquo;auteur</h2>
<p>L&rsquo;association +cultura a donné son avis à BR Simonetta Sommaruga sur la révision du droit d&rsquo;auteur.</p>
<p><a href="http://www.cultura.ch/wp-content/uploads/2014/06/Verein-CULTURA-Stellungnahme-URG.pdf" rel="">Déclaration Loi sur le droit d&rsquo;auteur (PDF, deutsch)</a></p>
<p><a href="http://www.cultura.ch/wp-content/uploads/2014/06/Verein-CULTURA-Stellungnahme-URG-Nachtrag.pdf" rel="">Supplément à la Déclaration Loi sur le droit d&rsquo;auteur (PDF, deutsch)</a></p>
<p><a href="https://www.cultura.ch/wp-content/uploads/2019/10/Revision_URG_Stellungnahme_CULTURA_Lichtbildschutz_2019-03-10.pdf">Supplément 2019 à la protection photographique («Lichtbildschutz») (PDF, deutsch)</a></p>

<p>Réduction de la redevance de la SSR (2023) Prise de position du 6 décembre 2023 (PDF, allemand) Message culture 2025–2028 L&rsquo;association +cultura s&rsquo;est prononcée sur le projet de consultation du Conseil fédéral sur le Message culture 2025–2028. Position +cultura message culture 2025–2028 (PDF, allemand) Message culture 2021–2024 Avis du 13 mai 2020 (PDF) L&rsquo;association +cultura &hellip; <a href="https://www.cultura.ch/fr/politique-culturelle/" class="more-link">Continuer la lecture de <span class="screen-reader-text">Politique culturelle</span>  <span class="meta-nav">&rarr;</span></a></p>

<!-- This site is optimized with the Yoast SEO plugin v27.5 - https://yoast.com/product/yoast-seo-wordpress/ -->
<title>CULTURA - l’association faîtière des institutions culturelles suisses</title>
<meta name="description" content="« CULTURA » est l’association faîtière des organisations représentant les intérêts des institutions culturelles suisses." />
<meta name="robots" content="index, follow, max-snippet:-1, max-image-preview:large, max-video-preview:-1" />
<link rel="canonical" href="https://www.cultura.ch/fr/politique-culturelle/" />
<meta property="og:locale" content="fr_FR" />
<meta property="og:type" content="article" />
<meta property="og:title" content="CULTURA - l’association faîtière des institutions culturelles suisses" />
<meta property="og:description" content="« CULTURA » est l’association faîtière des organisations représentant les intérêts des institutions culturelles suisses." />
<meta property="og:url" content="https://www.cultura.ch/fr/politique-culturelle/" />
<meta property="og:site_name" content="CULTURA" />
<meta property="article:modified_time" content="2023-12-08T14:43:38+00:00" />
<meta name="twitter:label1" content="Durée de lecture estimée" />
	<meta name="twitter:data1" content="1 minute" />
<script type="application/ld+json" class="yoast-schema-graph">{"@context":"https:\/\/schema.org","@graph":[{"@type":"WebPage","@id":"https:\/\/www.cultura.ch\/fr\/politique-culturelle\/","url":"https:\/\/www.cultura.ch\/fr\/politique-culturelle\/","name":"CULTURA - l’association faîtière des institutions culturelles suisses","isPartOf":{"@id":"https:\/\/www.cultura.ch\/fr\/#website"},"datePublished":"2017-10-11T14:10:11+00:00","dateModified":"2023-12-08T14:43:38+00:00","description":"« CULTURA » est l’association faîtière des organisations représentant les intérêts des institutions culturelles suisses.","breadcrumb":{"@id":"https:\/\/www.cultura.ch\/fr\/politique-culturelle\/#breadcrumb"},"inLanguage":"fr-FR","potentialAction":[{"@type":"ReadAction","target":["https:\/\/www.cultura.ch\/fr\/politique-culturelle\/"]}]},{"@type":"BreadcrumbList","@id":"https:\/\/www.cultura.ch\/fr\/politique-culturelle\/#breadcrumb","itemListElement":[{"@type":"ListItem","position":1,"name":"Startseite","item":"https:\/\/www.cultura.ch\/fr\/"},{"@type":"ListItem","position":2,"name":"Politique culturelle"}]},{"@type":"WebSite","@id":"https:\/\/www.cultura.ch\/fr\/#website","url":"https:\/\/www.cultura.ch\/fr\/","name":"CULTURA","description":"Dachverband für die Interessenverbände der Schweizer Kulturinstitutionen","potentialAction":[{"@type":"SearchAction","target":{"@type":"EntryPoint","urlTemplate":"https:\/\/www.cultura.ch\/fr\/?s={search_term_string}"},"query-input":{"@type":"PropertyValueSpecification","valueRequired":true,"valueName":"search_term_string"}}],"inLanguage":"fr-FR"}]}</script>
<!-- / Yoast SEO plugin. -->

CULTURA - l’association faîtière des institutions culturelles suisses

« CULTURA » est l’association faîtière des organisations représentant les intérêts des institutions culturelles suisses.

Dachverband für die Interessenverbände der Schweizer Kulturinstitutionen
