{"id":642,"date":"2018-02-20T11:04:06","date_gmt":"2018-02-20T09:04:06","guid":{"rendered":"http:\/\/www.cultura.ch\/?page_id=642"},"modified":"2022-11-21T20:28:29","modified_gmt":"2022-11-21T19:28:29","slug":"atelier-musical-mobile","status":"publish","type":"page","link":"https:\/\/www.cultura.ch\/fr\/evenements\/projets-avec-refugies\/atelier-musical-mobile\/","title":{"rendered":"Atelier musical mobile"},"content":{"rendered":"<p><a href=\"http:\/\/www.cultura.ch\/wp-content\/uploads\/2018\/02\/musikwagen.jpg\"><img loading=\"lazy\" decoding=\"async\" class=\"alignnone size-full wp-image-628\" src=\"http:\/\/www.cultura.ch\/wp-content\/uploads\/2018\/02\/musikwagen.jpg\" alt=\"Atelier musical mobile\" width=\"800\" height=\"533\" srcset=\"https:\/\/www.cultura.ch\/wp-content\/uploads\/2018\/02\/musikwagen.jpg 800w, https:\/\/www.cultura.ch\/wp-content\/uploads\/2018\/02\/musikwagen-300x200.jpg 300w, https:\/\/www.cultura.ch\/wp-content\/uploads\/2018\/02\/musikwagen-768x512.jpg 768w\" sizes=\"auto, (max-width: 800px) 100vw, 800px\" \/><\/a><\/p>\n<p>Le Musikwagen \u2013 atelier musical mobile \u2013 est la salle de spectacle itin\u00e9rante de l\u2019Orchestre symphonique de Lucerne. A la fois atelier et sc\u00e8ne, il apporte la musique et les activit\u00e9s musicales dans des lieux o\u00f9 se d\u00e9roule la vie sociale.<\/p>\n<p>En septembre 2017, le Musikwagen a fait halte, pour la premi\u00e8re fois, au centre d\u2019accueil des r\u00e9fugi\u00e9s Hirschpark, \u00e0 Lucerne, o\u00f9 un projet musical a \u00e9t\u00e9 r\u00e9alis\u00e9 avec succ\u00e8s en coop\u00e9ration avec l\u2019initiative \u00abPfasyl\u00bb. Des projets dans d\u2019autres centres et \u00e9coles accueillant des demandeurs d\u2019asile suivront.<\/p>\n<p>Au cours d\u2019ateliers pratiques d\u2019apprentissage et de petits concerts pour orchestre de chambre, des enfants et des adultes apprennent \u00e0 conna\u00eetre l\u2019orchestre et son r\u00e9pertoire, rencontrent des musiciens et d\u00e9couvrent ainsi leur vie professionnelle, mais ils peuvent aussi exercer leur cr\u00e9ativit\u00e9 sur un pied d\u2019\u00e9galit\u00e9. Enfin, ils interpr\u00e8tent sur sc\u00e8ne, avec les musiciens professionnels, des pi\u00e8ces musicales qu\u2019ils ont eux-m\u00eames invent\u00e9es incluant des objets de la vie courante et des mat\u00e9riaux naturels, des chansons et des rythmes. Lors d\u2019un ap\u00e9ritif, ils ont en outre la possibilit\u00e9 de se r\u00e9unir et de faire plus ample connaissance.<\/p>\n<p>Informations compl\u00e9mentaires:<\/p>\n<ul>\n<li><a href=\"https:\/\/sinfonieorchester.ch\/de\/musikvermittlung\/musikwagen\/\" target=\"_blank\" rel=\"noopener\">https:\/\/sinfonieorchester.ch\/de\/musikvermittlung\/musikwagen\/<\/a><\/li>\n<li><a href=\"mailto:j.ludwig@sinfonieorchester.ch\">j.ludwig@sinfonieorchester.ch<\/a><\/li>\n<\/ul>\n","protected":false},"excerpt":{"rendered":"<p>Le Musikwagen \u2013 atelier musical mobile \u2013 est la salle de spectacle itin\u00e9rante de l\u2019Orchestre symphonique de Lucerne. A la fois atelier et sc\u00e8ne, il apporte la musique et les activit\u00e9s musicales dans des lieux o\u00f9 se d\u00e9roule la vie sociale. En septembre 2017, le Musikwagen a fait halte, pour la premi\u00e8re fois, au centre &hellip; <a href=\"https:\/\/www.cultura.ch\/fr\/evenements\/projets-avec-refugies\/atelier-musical-mobile\/\" class=\"more-link\">Continuer la lecture de <span class=\"screen-reader-text\">Atelier musical mobile<\/span>  <span class=\"meta-nav\">&rarr;<\/span><\/a><\/p>\n","protected":false},"author":7,"featured_media":0,"parent":479,"menu_order":0,"comment_status":"closed","ping_status":"closed","template":"","meta":{"iawp_total_views":50,"footnotes":""},"class_list":["post-642","page","type-page","status-publish","hentry"],"yoast_head":"<!-- This site is optimized with the Yoast SEO plugin v27.5 - https:\/\/yoast.com\/product\/yoast-seo-wordpress\/ -->\n<title>Atelier musical mobile - CULTURA<\/title>\n<meta name=\"robots\" content=\"index, follow, max-snippet:-1, max-image-preview:large, max-video-preview:-1\" \/>\n<link rel=\"canonical\" href=\"https:\/\/www.cultura.ch\/fr\/evenements\/projets-avec-refugies\/atelier-musical-mobile\/\" \/>\n<meta property=\"og:locale\" content=\"fr_FR\" \/>\n<meta property=\"og:type\" content=\"article\" \/>\n<meta property=\"og:title\" content=\"Atelier musical mobile - CULTURA\" \/>\n<meta property=\"og:description\" content=\"Le Musikwagen \u2013 atelier musical mobile \u2013 est la salle de spectacle itin\u00e9rante de l\u2019Orchestre symphonique de Lucerne. A la fois atelier et sc\u00e8ne, il apporte la musique et les activit\u00e9s musicales dans des lieux o\u00f9 se d\u00e9roule la vie sociale. En septembre 2017, le Musikwagen a fait halte, pour la premi\u00e8re fois, au centre &hellip; Continuer la lecture de Atelier musical mobile &rarr;\" \/>\n<meta property=\"og:url\" content=\"https:\/\/www.cultura.ch\/fr\/evenements\/projets-avec-refugies\/atelier-musical-mobile\/\" \/>\n<meta property=\"og:site_name\" content=\"CULTURA\" \/>\n<meta property=\"article:modified_time\" content=\"2022-11-21T19:28:29+00:00\" \/>\n<meta property=\"og:image\" content=\"http:\/\/www.cultura.ch\/wp-content\/uploads\/2018\/02\/musikwagen.jpg\" \/>\n<meta name=\"twitter:label1\" content=\"Dur\u00e9e de lecture estim\u00e9e\" \/>\n\t<meta name=\"twitter:data1\" content=\"1 minute\" \/>\n<script type=\"application\/ld+json\" class=\"yoast-schema-graph\">{\"@context\":\"https:\\\/\\\/schema.org\",\"@graph\":[{\"@type\":\"WebPage\",\"@id\":\"https:\\\/\\\/www.cultura.ch\\\/fr\\\/evenements\\\/projets-avec-refugies\\\/atelier-musical-mobile\\\/\",\"url\":\"https:\\\/\\\/www.cultura.ch\\\/fr\\\/evenements\\\/projets-avec-refugies\\\/atelier-musical-mobile\\\/\",\"name\":\"Atelier musical mobile - CULTURA\",\"isPartOf\":{\"@id\":\"https:\\\/\\\/www.cultura.ch\\\/fr\\\/#website\"},\"primaryImageOfPage\":{\"@id\":\"https:\\\/\\\/www.cultura.ch\\\/fr\\\/evenements\\\/projets-avec-refugies\\\/atelier-musical-mobile\\\/#primaryimage\"},\"image\":{\"@id\":\"https:\\\/\\\/www.cultura.ch\\\/fr\\\/evenements\\\/projets-avec-refugies\\\/atelier-musical-mobile\\\/#primaryimage\"},\"thumbnailUrl\":\"http:\\\/\\\/www.cultura.ch\\\/wp-content\\\/uploads\\\/2018\\\/02\\\/musikwagen.jpg\",\"datePublished\":\"2018-02-20T09:04:06+00:00\",\"dateModified\":\"2022-11-21T19:28:29+00:00\",\"breadcrumb\":{\"@id\":\"https:\\\/\\\/www.cultura.ch\\\/fr\\\/evenements\\\/projets-avec-refugies\\\/atelier-musical-mobile\\\/#breadcrumb\"},\"inLanguage\":\"fr-FR\",\"potentialAction\":[{\"@type\":\"ReadAction\",\"target\":[\"https:\\\/\\\/www.cultura.ch\\\/fr\\\/evenements\\\/projets-avec-refugies\\\/atelier-musical-mobile\\\/\"]}]},{\"@type\":\"ImageObject\",\"inLanguage\":\"fr-FR\",\"@id\":\"https:\\\/\\\/www.cultura.ch\\\/fr\\\/evenements\\\/projets-avec-refugies\\\/atelier-musical-mobile\\\/#primaryimage\",\"url\":\"http:\\\/\\\/www.cultura.ch\\\/wp-content\\\/uploads\\\/2018\\\/02\\\/musikwagen.jpg\",\"contentUrl\":\"http:\\\/\\\/www.cultura.ch\\\/wp-content\\\/uploads\\\/2018\\\/02\\\/musikwagen.jpg\"},{\"@type\":\"BreadcrumbList\",\"@id\":\"https:\\\/\\\/www.cultura.ch\\\/fr\\\/evenements\\\/projets-avec-refugies\\\/atelier-musical-mobile\\\/#breadcrumb\",\"itemListElement\":[{\"@type\":\"ListItem\",\"position\":1,\"name\":\"Startseite\",\"item\":\"https:\\\/\\\/www.cultura.ch\\\/fr\\\/\"},{\"@type\":\"ListItem\",\"position\":2,\"name\":\"Offres culturelles pour et avec les migrants et les requ\u00e9rants d\u2019asile\",\"item\":\"https:\\\/\\\/www.cultura.ch\\\/fr\\\/projets-avec-refugies\\\/\"},{\"@type\":\"ListItem\",\"position\":3,\"name\":\"Atelier musical mobile\"}]},{\"@type\":\"WebSite\",\"@id\":\"https:\\\/\\\/www.cultura.ch\\\/fr\\\/#website\",\"url\":\"https:\\\/\\\/www.cultura.ch\\\/fr\\\/\",\"name\":\"CULTURA\",\"description\":\"Dachverband f\u00fcr die Interessenverb\u00e4nde der Schweizer Kulturinstitutionen\",\"potentialAction\":[{\"@type\":\"SearchAction\",\"target\":{\"@type\":\"EntryPoint\",\"urlTemplate\":\"https:\\\/\\\/www.cultura.ch\\\/fr\\\/?s={search_term_string}\"},\"query-input\":{\"@type\":\"PropertyValueSpecification\",\"valueRequired\":true,\"valueName\":\"search_term_string\"}}],\"inLanguage\":\"fr-FR\"}]}<\/script>\n<!-- \/ Yoast SEO plugin. -->","yoast_head_json":{"title":"Atelier musical mobile - CULTURA","robots":{"index":"index","follow":"follow","max-snippet":"max-snippet:-1","max-image-preview":"max-image-preview:large","max-video-preview":"max-video-preview:-1"},"canonical":"https:\/\/www.cultura.ch\/fr\/evenements\/projets-avec-refugies\/atelier-musical-mobile\/","og_locale":"fr_FR","og_type":"article","og_title":"Atelier musical mobile - CULTURA","og_description":"Le Musikwagen \u2013 atelier musical mobile \u2013 est la salle de spectacle itin\u00e9rante de l\u2019Orchestre symphonique de Lucerne. A la fois atelier et sc\u00e8ne, il apporte la musique et les activit\u00e9s musicales dans des lieux o\u00f9 se d\u00e9roule la vie sociale. En septembre 2017, le Musikwagen a fait halte, pour la premi\u00e8re fois, au centre &hellip; Continuer la lecture de Atelier musical mobile &rarr;","og_url":"https:\/\/www.cultura.ch\/fr\/evenements\/projets-avec-refugies\/atelier-musical-mobile\/","og_site_name":"CULTURA","article_modified_time":"2022-11-21T19:28:29+00:00","og_image":[{"url":"http:\/\/www.cultura.ch\/wp-content\/uploads\/2018\/02\/musikwagen.jpg","type":"","width":"","height":""}],"twitter_misc":{"Dur\u00e9e de lecture estim\u00e9e":"1 minute"},"schema":{"@context":"https:\/\/schema.org","@graph":[{"@type":"WebPage","@id":"https:\/\/www.cultura.ch\/fr\/evenements\/projets-avec-refugies\/atelier-musical-mobile\/","url":"https:\/\/www.cultura.ch\/fr\/evenements\/projets-avec-refugies\/atelier-musical-mobile\/","name":"Atelier musical mobile - CULTURA","isPartOf":{"@id":"https:\/\/www.cultura.ch\/fr\/#website"},"primaryImageOfPage":{"@id":"https:\/\/www.cultura.ch\/fr\/evenements\/projets-avec-refugies\/atelier-musical-mobile\/#primaryimage"},"image":{"@id":"https:\/\/www.cultura.ch\/fr\/evenements\/projets-avec-refugies\/atelier-musical-mobile\/#primaryimage"},"thumbnailUrl":"http:\/\/www.cultura.ch\/wp-content\/uploads\/2018\/02\/musikwagen.jpg","datePublished":"2018-02-20T09:04:06+00:00","dateModified":"2022-11-21T19:28:29+00:00","breadcrumb":{"@id":"https:\/\/www.cultura.ch\/fr\/evenements\/projets-avec-refugies\/atelier-musical-mobile\/#breadcrumb"},"inLanguage":"fr-FR","potentialAction":[{"@type":"ReadAction","target":["https:\/\/www.cultura.ch\/fr\/evenements\/projets-avec-refugies\/atelier-musical-mobile\/"]}]},{"@type":"ImageObject","inLanguage":"fr-FR","@id":"https:\/\/www.cultura.ch\/fr\/evenements\/projets-avec-refugies\/atelier-musical-mobile\/#primaryimage","url":"http:\/\/www.cultura.ch\/wp-content\/uploads\/2018\/02\/musikwagen.jpg","contentUrl":"http:\/\/www.cultura.ch\/wp-content\/uploads\/2018\/02\/musikwagen.jpg"},{"@type":"BreadcrumbList","@id":"https:\/\/www.cultura.ch\/fr\/evenements\/projets-avec-refugies\/atelier-musical-mobile\/#breadcrumb","itemListElement":[{"@type":"ListItem","position":1,"name":"Startseite","item":"https:\/\/www.cultura.ch\/fr\/"},{"@type":"ListItem","position":2,"name":"Offres culturelles pour et avec les migrants et les requ\u00e9rants d\u2019asile","item":"https:\/\/www.cultura.ch\/fr\/projets-avec-refugies\/"},{"@type":"ListItem","position":3,"name":"Atelier musical mobile"}]},{"@type":"WebSite","@id":"https:\/\/www.cultura.ch\/fr\/#website","url":"https:\/\/www.cultura.ch\/fr\/","name":"CULTURA","description":"Dachverband f\u00fcr die Interessenverb\u00e4nde der Schweizer Kulturinstitutionen","potentialAction":[{"@type":"SearchAction","target":{"@type":"EntryPoint","urlTemplate":"https:\/\/www.cultura.ch\/fr\/?s={search_term_string}"},"query-input":{"@type":"PropertyValueSpecification","valueRequired":true,"valueName":"search_term_string"}}],"inLanguage":"fr-FR"}]}},"_links":{"self":[{"href":"https:\/\/www.cultura.ch\/fr\/wp-json\/wp\/v2\/pages\/642","targetHints":{"allow":["GET"]}}],"collection":[{"href":"https:\/\/www.cultura.ch\/fr\/wp-json\/wp\/v2\/pages"}],"about":[{"href":"https:\/\/www.cultura.ch\/fr\/wp-json\/wp\/v2\/types\/page"}],"author":[{"embeddable":true,"href":"https:\/\/www.cultura.ch\/fr\/wp-json\/wp\/v2\/users\/7"}],"replies":[{"embeddable":true,"href":"https:\/\/www.cultura.ch\/fr\/wp-json\/wp\/v2\/comments?post=642"}],"version-history":[{"count":2,"href":"https:\/\/www.cultura.ch\/fr\/wp-json\/wp\/v2\/pages\/642\/revisions"}],"predecessor-version":[{"id":1280,"href":"https:\/\/www.cultura.ch\/fr\/wp-json\/wp\/v2\/pages\/642\/revisions\/1280"}],"up":[{"embeddable":true,"href":"https:\/\/www.cultura.ch\/fr\/wp-json\/wp\/v2\/pages\/479"}],"wp:attachment":[{"href":"https:\/\/www.cultura.ch\/fr\/wp-json\/wp\/v2\/media?parent=642"}],"curies":[{"name":"wp","href":"https:\/\/api.w.org\/{rel}","templated":true}]}}

<p><a href="http://www.cultura.ch/wp-content/uploads/2018/02/musikwagen.jpg"><img loading="lazy" decoding="async" class="alignnone size-full wp-image-628" src="http://www.cultura.ch/wp-content/uploads/2018/02/musikwagen.jpg" alt="Atelier musical mobile" width="800" height="533" srcset="https://www.cultura.ch/wp-content/uploads/2018/02/musikwagen.jpg 800w, https://www.cultura.ch/wp-content/uploads/2018/02/musikwagen-300x200.jpg 300w, https://www.cultura.ch/wp-content/uploads/2018/02/musikwagen-768x512.jpg 768w" sizes="auto, (max-width: 800px) 100vw, 800px" /></a></p>
<p>Le Musikwagen – atelier musical mobile – est la salle de spectacle itinérante de l’Orchestre symphonique de Lucerne. A la fois atelier et scène, il apporte la musique et les activités musicales dans des lieux où se déroule la vie sociale.</p>
<p>En septembre 2017, le Musikwagen a fait halte, pour la première fois, au centre d’accueil des réfugiés Hirschpark, à Lucerne, où un projet musical a été réalisé avec succès en coopération avec l’initiative «Pfasyl». Des projets dans d’autres centres et écoles accueillant des demandeurs d’asile suivront.</p>
<p>Au cours d’ateliers pratiques d’apprentissage et de petits concerts pour orchestre de chambre, des enfants et des adultes apprennent à connaître l’orchestre et son répertoire, rencontrent des musiciens et découvrent ainsi leur vie professionnelle, mais ils peuvent aussi exercer leur créativité sur un pied d’égalité. Enfin, ils interprètent sur scène, avec les musiciens professionnels, des pièces musicales qu’ils ont eux-mêmes inventées incluant des objets de la vie courante et des matériaux naturels, des chansons et des rythmes. Lors d’un apéritif, ils ont en outre la possibilité de se réunir et de faire plus ample connaissance.</p>
<p>Informations complémentaires:</p>
<ul>
<li><a href="https://sinfonieorchester.ch/de/musikvermittlung/musikwagen/" target="_blank" rel="noopener">https://sinfonieorchester.ch/de/musikvermittlung/musikwagen/</a></li>
<li><a href="mailto:j.ludwig@sinfonieorchester.ch">j.ludwig@sinfonieorchester.ch</a></li>
</ul>

<p>Le Musikwagen – atelier musical mobile – est la salle de spectacle itinérante de l’Orchestre symphonique de Lucerne. A la fois atelier et scène, il apporte la musique et les activités musicales dans des lieux où se déroule la vie sociale. En septembre 2017, le Musikwagen a fait halte, pour la première fois, au centre &hellip; <a href="https://www.cultura.ch/fr/evenements/projets-avec-refugies/atelier-musical-mobile/" class="more-link">Continuer la lecture de <span class="screen-reader-text">Atelier musical mobile</span>  <span class="meta-nav">&rarr;</span></a></p>

<!-- This site is optimized with the Yoast SEO plugin v27.5 - https://yoast.com/product/yoast-seo-wordpress/ -->
<title>Atelier musical mobile - CULTURA</title>
<meta name="robots" content="index, follow, max-snippet:-1, max-image-preview:large, max-video-preview:-1" />
<link rel="canonical" href="https://www.cultura.ch/fr/evenements/projets-avec-refugies/atelier-musical-mobile/" />
<meta property="og:locale" content="fr_FR" />
<meta property="og:type" content="article" />
<meta property="og:title" content="Atelier musical mobile - CULTURA" />
<meta property="og:description" content="Le Musikwagen – atelier musical mobile – est la salle de spectacle itinérante de l’Orchestre symphonique de Lucerne. A la fois atelier et scène, il apporte la musique et les activités musicales dans des lieux où se déroule la vie sociale. En septembre 2017, le Musikwagen a fait halte, pour la première fois, au centre &hellip; Continuer la lecture de Atelier musical mobile &rarr;" />
<meta property="og:url" content="https://www.cultura.ch/fr/evenements/projets-avec-refugies/atelier-musical-mobile/" />
<meta property="og:site_name" content="CULTURA" />
<meta property="article:modified_time" content="2022-11-21T19:28:29+00:00" />
<meta property="og:image" content="http://www.cultura.ch/wp-content/uploads/2018/02/musikwagen.jpg" />
<meta name="twitter:label1" content="Durée de lecture estimée" />
	<meta name="twitter:data1" content="1 minute" />
<script type="application/ld+json" class="yoast-schema-graph">{"@context":"https:\/\/schema.org","@graph":[{"@type":"WebPage","@id":"https:\/\/www.cultura.ch\/fr\/evenements\/projets-avec-refugies\/atelier-musical-mobile\/","url":"https:\/\/www.cultura.ch\/fr\/evenements\/projets-avec-refugies\/atelier-musical-mobile\/","name":"Atelier musical mobile - CULTURA","isPartOf":{"@id":"https:\/\/www.cultura.ch\/fr\/#website"},"primaryImageOfPage":{"@id":"https:\/\/www.cultura.ch\/fr\/evenements\/projets-avec-refugies\/atelier-musical-mobile\/#primaryimage"},"image":{"@id":"https:\/\/www.cultura.ch\/fr\/evenements\/projets-avec-refugies\/atelier-musical-mobile\/#primaryimage"},"thumbnailUrl":"http:\/\/www.cultura.ch\/wp-content\/uploads\/2018\/02\/musikwagen.jpg","datePublished":"2018-02-20T09:04:06+00:00","dateModified":"2022-11-21T19:28:29+00:00","breadcrumb":{"@id":"https:\/\/www.cultura.ch\/fr\/evenements\/projets-avec-refugies\/atelier-musical-mobile\/#breadcrumb"},"inLanguage":"fr-FR","potentialAction":[{"@type":"ReadAction","target":["https:\/\/www.cultura.ch\/fr\/evenements\/projets-avec-refugies\/atelier-musical-mobile\/"]}]},{"@type":"ImageObject","inLanguage":"fr-FR","@id":"https:\/\/www.cultura.ch\/fr\/evenements\/projets-avec-refugies\/atelier-musical-mobile\/#primaryimage","url":"http:\/\/www.cultura.ch\/wp-content\/uploads\/2018\/02\/musikwagen.jpg","contentUrl":"http:\/\/www.cultura.ch\/wp-content\/uploads\/2018\/02\/musikwagen.jpg"},{"@type":"BreadcrumbList","@id":"https:\/\/www.cultura.ch\/fr\/evenements\/projets-avec-refugies\/atelier-musical-mobile\/#breadcrumb","itemListElement":[{"@type":"ListItem","position":1,"name":"Startseite","item":"https:\/\/www.cultura.ch\/fr\/"},{"@type":"ListItem","position":2,"name":"Offres culturelles pour et avec les migrants et les requérants d’asile","item":"https:\/\/www.cultura.ch\/fr\/projets-avec-refugies\/"},{"@type":"ListItem","position":3,"name":"Atelier musical mobile"}]},{"@type":"WebSite","@id":"https:\/\/www.cultura.ch\/fr\/#website","url":"https:\/\/www.cultura.ch\/fr\/","name":"CULTURA","description":"Dachverband für die Interessenverbände der Schweizer Kulturinstitutionen","potentialAction":[{"@type":"SearchAction","target":{"@type":"EntryPoint","urlTemplate":"https:\/\/www.cultura.ch\/fr\/?s={search_term_string}"},"query-input":{"@type":"PropertyValueSpecification","valueRequired":true,"valueName":"search_term_string"}}],"inLanguage":"fr-FR"}]}</script>
<!-- / Yoast SEO plugin. -->

Le Musikwagen – atelier musical mobile – est la salle de spectacle itinérante de l’Orchestre symphonique de Lucerne. A la fois atelier et scène, il apporte la musique et les activités musicales dans des lieux où se déroule la vie sociale. En septembre 2017, le Musikwagen a fait halte, pour la première fois, au centre &hellip; Continuer la lecture de Atelier musical mobile &rarr;

Offres culturelles pour et avec les migrants et les requérants d’asile

Dachverband für die Interessenverbände der Schweizer Kulturinstitutionen
