{"id":518,"date":"2017-10-11T18:48:23","date_gmt":"2017-10-11T16:48:23","guid":{"rendered":"http:\/\/www.cultura.ch\/?page_id=518"},"modified":"2017-10-11T18:48:23","modified_gmt":"2017-10-11T16:48:23","slug":"scatole-di-libri","status":"publish","type":"page","link":"https:\/\/www.cultura.ch\/it\/eventi\/progetti-con-rifugiati\/scatole-di-libri\/","title":{"rendered":"Scatole di libri"},"content":{"rendered":"<p><a href=\"http:\/\/www.cultura.ch\/wp-content\/uploads\/2017\/10\/Buecherbox.png\"><img loading=\"lazy\" decoding=\"async\" class=\"alignnone size-full wp-image-421\" src=\"http:\/\/www.cultura.ch\/wp-content\/uploads\/2017\/10\/Buecherbox.png\" alt=\"B\u00fccherbox\" width=\"400\" height=\"401\" srcset=\"https:\/\/www.cultura.ch\/wp-content\/uploads\/2017\/10\/Buecherbox.png 400w, https:\/\/www.cultura.ch\/wp-content\/uploads\/2017\/10\/Buecherbox-150x150.png 150w, https:\/\/www.cultura.ch\/wp-content\/uploads\/2017\/10\/Buecherbox-300x300.png 300w\" sizes=\"auto, (max-width: 400px) 100vw, 400px\" \/><\/a><\/p>\n<p>Il Canton Berna conta attualmente 46 centri d&#8217;accoglienza con oltre 4000 posti. Gli operatori che lavorano in queste strutture devono svolgere una tale quantit\u00e0 di mansioni che la fornitura di libri non \u00e8, comprensibilmente, una priorit\u00e0. Qui subentra l&#8217;associazione appositamente fondata B\u00fccherboxen f\u00fcr Fl\u00fcchtlinge (Scatole di libri per i rifugiati), che vuole mettere a loro disposizione un servizio di biblioteca in modo da favorire, tra le altre cose, l&#8217;integrazione linguistica e culturale.<\/p>\n<p>Ogni scatola contiene dai 40 ai 50 libri appena acquistati. La selezione dei titoli si basa sul bilinguismo. Le scatole contengono ad esempio libri bilingui illustrati, libri &#8220;parlanti&#8221; per il sistema Tiptoi, atlanti, guide cittadine, manuali di tedesco e dizionari.<\/p>\n<p>Per maggiori informazioni: <a href=\"http:\/\/www.b\u00fccherbox.ch\/\" target=\"_blank\" rel=\"noopener\">Verein B\u00fccherboxen<\/a><\/p>\n","protected":false},"excerpt":{"rendered":"<p>Il Canton Berna conta attualmente 46 centri d&#8217;accoglienza con oltre 4000 posti. Gli operatori che lavorano in queste strutture devono svolgere una tale quantit\u00e0 di mansioni che la fornitura di libri non \u00e8, comprensibilmente, una priorit\u00e0. Qui subentra l&#8217;associazione appositamente fondata B\u00fccherboxen f\u00fcr Fl\u00fcchtlinge (Scatole di libri per i rifugiati), che vuole mettere a loro &hellip; <a href=\"https:\/\/www.cultura.ch\/it\/eventi\/progetti-con-rifugiati\/scatole-di-libri\/\" class=\"more-link\">Continua la lettura di <span class=\"screen-reader-text\">Scatole di libri<\/span> <span class=\"meta-nav\">&rarr;<\/span><\/a><\/p>\n","protected":false},"author":7,"featured_media":0,"parent":509,"menu_order":1,"comment_status":"closed","ping_status":"closed","template":"","meta":{"iawp_total_views":11,"footnotes":""},"class_list":["post-518","page","type-page","status-publish","hentry"],"yoast_head":"<!-- This site is optimized with the Yoast SEO plugin v27.5 - https:\/\/yoast.com\/product\/yoast-seo-wordpress\/ -->\n<title>Scatole di libri - CULTURA<\/title>\n<meta name=\"robots\" content=\"index, follow, max-snippet:-1, max-image-preview:large, max-video-preview:-1\" \/>\n<link rel=\"canonical\" href=\"https:\/\/www.cultura.ch\/it\/eventi\/progetti-con-rifugiati\/scatole-di-libri\/\" \/>\n<meta property=\"og:locale\" content=\"it_IT\" \/>\n<meta property=\"og:type\" content=\"article\" \/>\n<meta property=\"og:title\" content=\"Scatole di libri - CULTURA\" \/>\n<meta property=\"og:description\" content=\"Il Canton Berna conta attualmente 46 centri d&#8217;accoglienza con oltre 4000 posti. Gli operatori che lavorano in queste strutture devono svolgere una tale quantit\u00e0 di mansioni che la fornitura di libri non \u00e8, comprensibilmente, una priorit\u00e0. Qui subentra l&#8217;associazione appositamente fondata B\u00fccherboxen f\u00fcr Fl\u00fcchtlinge (Scatole di libri per i rifugiati), che vuole mettere a loro &hellip; Continua la lettura di Scatole di libri &rarr;\" \/>\n<meta property=\"og:url\" content=\"https:\/\/www.cultura.ch\/it\/eventi\/progetti-con-rifugiati\/scatole-di-libri\/\" \/>\n<meta property=\"og:site_name\" content=\"CULTURA\" \/>\n<meta property=\"og:image\" content=\"http:\/\/www.cultura.ch\/wp-content\/uploads\/2017\/10\/Buecherbox.png\" \/>\n<meta name=\"twitter:label1\" content=\"Tempo di lettura stimato\" \/>\n\t<meta name=\"twitter:data1\" content=\"1 minuto\" \/>\n<script type=\"application\/ld+json\" class=\"yoast-schema-graph\">{\"@context\":\"https:\\\/\\\/schema.org\",\"@graph\":[{\"@type\":\"WebPage\",\"@id\":\"https:\\\/\\\/www.cultura.ch\\\/it\\\/eventi\\\/progetti-con-rifugiati\\\/scatole-di-libri\\\/\",\"url\":\"https:\\\/\\\/www.cultura.ch\\\/it\\\/eventi\\\/progetti-con-rifugiati\\\/scatole-di-libri\\\/\",\"name\":\"Scatole di libri - CULTURA\",\"isPartOf\":{\"@id\":\"https:\\\/\\\/www.cultura.ch\\\/it\\\/#website\"},\"primaryImageOfPage\":{\"@id\":\"https:\\\/\\\/www.cultura.ch\\\/it\\\/eventi\\\/progetti-con-rifugiati\\\/scatole-di-libri\\\/#primaryimage\"},\"image\":{\"@id\":\"https:\\\/\\\/www.cultura.ch\\\/it\\\/eventi\\\/progetti-con-rifugiati\\\/scatole-di-libri\\\/#primaryimage\"},\"thumbnailUrl\":\"http:\\\/\\\/www.cultura.ch\\\/wp-content\\\/uploads\\\/2017\\\/10\\\/Buecherbox.png\",\"datePublished\":\"2017-10-11T16:48:23+00:00\",\"breadcrumb\":{\"@id\":\"https:\\\/\\\/www.cultura.ch\\\/it\\\/eventi\\\/progetti-con-rifugiati\\\/scatole-di-libri\\\/#breadcrumb\"},\"inLanguage\":\"it-IT\",\"potentialAction\":[{\"@type\":\"ReadAction\",\"target\":[\"https:\\\/\\\/www.cultura.ch\\\/it\\\/eventi\\\/progetti-con-rifugiati\\\/scatole-di-libri\\\/\"]}]},{\"@type\":\"ImageObject\",\"inLanguage\":\"it-IT\",\"@id\":\"https:\\\/\\\/www.cultura.ch\\\/it\\\/eventi\\\/progetti-con-rifugiati\\\/scatole-di-libri\\\/#primaryimage\",\"url\":\"http:\\\/\\\/www.cultura.ch\\\/wp-content\\\/uploads\\\/2017\\\/10\\\/Buecherbox.png\",\"contentUrl\":\"http:\\\/\\\/www.cultura.ch\\\/wp-content\\\/uploads\\\/2017\\\/10\\\/Buecherbox.png\"},{\"@type\":\"BreadcrumbList\",\"@id\":\"https:\\\/\\\/www.cultura.ch\\\/it\\\/eventi\\\/progetti-con-rifugiati\\\/scatole-di-libri\\\/#breadcrumb\",\"itemListElement\":[{\"@type\":\"ListItem\",\"position\":1,\"name\":\"Startseite\",\"item\":\"https:\\\/\\\/www.cultura.ch\\\/it\\\/\"},{\"@type\":\"ListItem\",\"position\":2,\"name\":\"Offerta culturale per e con rifugiati e richiedenti asilo\",\"item\":\"https:\\\/\\\/www.cultura.ch\\\/it\\\/progetti-con-rifugiati\\\/\"},{\"@type\":\"ListItem\",\"position\":3,\"name\":\"Scatole di libri\"}]},{\"@type\":\"WebSite\",\"@id\":\"https:\\\/\\\/www.cultura.ch\\\/it\\\/#website\",\"url\":\"https:\\\/\\\/www.cultura.ch\\\/it\\\/\",\"name\":\"CULTURA\",\"description\":\"Dachverband f\u00fcr die Interessenverb\u00e4nde der Schweizer Kulturinstitutionen\",\"potentialAction\":[{\"@type\":\"SearchAction\",\"target\":{\"@type\":\"EntryPoint\",\"urlTemplate\":\"https:\\\/\\\/www.cultura.ch\\\/it\\\/?s={search_term_string}\"},\"query-input\":{\"@type\":\"PropertyValueSpecification\",\"valueRequired\":true,\"valueName\":\"search_term_string\"}}],\"inLanguage\":\"it-IT\"}]}<\/script>\n<!-- \/ Yoast SEO plugin. -->","yoast_head_json":{"title":"Scatole di libri - CULTURA","robots":{"index":"index","follow":"follow","max-snippet":"max-snippet:-1","max-image-preview":"max-image-preview:large","max-video-preview":"max-video-preview:-1"},"canonical":"https:\/\/www.cultura.ch\/it\/eventi\/progetti-con-rifugiati\/scatole-di-libri\/","og_locale":"it_IT","og_type":"article","og_title":"Scatole di libri - CULTURA","og_description":"Il Canton Berna conta attualmente 46 centri d&#8217;accoglienza con oltre 4000 posti. Gli operatori che lavorano in queste strutture devono svolgere una tale quantit\u00e0 di mansioni che la fornitura di libri non \u00e8, comprensibilmente, una priorit\u00e0. Qui subentra l&#8217;associazione appositamente fondata B\u00fccherboxen f\u00fcr Fl\u00fcchtlinge (Scatole di libri per i rifugiati), che vuole mettere a loro &hellip; Continua la lettura di Scatole di libri &rarr;","og_url":"https:\/\/www.cultura.ch\/it\/eventi\/progetti-con-rifugiati\/scatole-di-libri\/","og_site_name":"CULTURA","og_image":[{"url":"http:\/\/www.cultura.ch\/wp-content\/uploads\/2017\/10\/Buecherbox.png","type":"","width":"","height":""}],"twitter_misc":{"Tempo di lettura stimato":"1 minuto"},"schema":{"@context":"https:\/\/schema.org","@graph":[{"@type":"WebPage","@id":"https:\/\/www.cultura.ch\/it\/eventi\/progetti-con-rifugiati\/scatole-di-libri\/","url":"https:\/\/www.cultura.ch\/it\/eventi\/progetti-con-rifugiati\/scatole-di-libri\/","name":"Scatole di libri - CULTURA","isPartOf":{"@id":"https:\/\/www.cultura.ch\/it\/#website"},"primaryImageOfPage":{"@id":"https:\/\/www.cultura.ch\/it\/eventi\/progetti-con-rifugiati\/scatole-di-libri\/#primaryimage"},"image":{"@id":"https:\/\/www.cultura.ch\/it\/eventi\/progetti-con-rifugiati\/scatole-di-libri\/#primaryimage"},"thumbnailUrl":"http:\/\/www.cultura.ch\/wp-content\/uploads\/2017\/10\/Buecherbox.png","datePublished":"2017-10-11T16:48:23+00:00","breadcrumb":{"@id":"https:\/\/www.cultura.ch\/it\/eventi\/progetti-con-rifugiati\/scatole-di-libri\/#breadcrumb"},"inLanguage":"it-IT","potentialAction":[{"@type":"ReadAction","target":["https:\/\/www.cultura.ch\/it\/eventi\/progetti-con-rifugiati\/scatole-di-libri\/"]}]},{"@type":"ImageObject","inLanguage":"it-IT","@id":"https:\/\/www.cultura.ch\/it\/eventi\/progetti-con-rifugiati\/scatole-di-libri\/#primaryimage","url":"http:\/\/www.cultura.ch\/wp-content\/uploads\/2017\/10\/Buecherbox.png","contentUrl":"http:\/\/www.cultura.ch\/wp-content\/uploads\/2017\/10\/Buecherbox.png"},{"@type":"BreadcrumbList","@id":"https:\/\/www.cultura.ch\/it\/eventi\/progetti-con-rifugiati\/scatole-di-libri\/#breadcrumb","itemListElement":[{"@type":"ListItem","position":1,"name":"Startseite","item":"https:\/\/www.cultura.ch\/it\/"},{"@type":"ListItem","position":2,"name":"Offerta culturale per e con rifugiati e richiedenti asilo","item":"https:\/\/www.cultura.ch\/it\/progetti-con-rifugiati\/"},{"@type":"ListItem","position":3,"name":"Scatole di libri"}]},{"@type":"WebSite","@id":"https:\/\/www.cultura.ch\/it\/#website","url":"https:\/\/www.cultura.ch\/it\/","name":"CULTURA","description":"Dachverband f\u00fcr die Interessenverb\u00e4nde der Schweizer Kulturinstitutionen","potentialAction":[{"@type":"SearchAction","target":{"@type":"EntryPoint","urlTemplate":"https:\/\/www.cultura.ch\/it\/?s={search_term_string}"},"query-input":{"@type":"PropertyValueSpecification","valueRequired":true,"valueName":"search_term_string"}}],"inLanguage":"it-IT"}]}},"_links":{"self":[{"href":"https:\/\/www.cultura.ch\/it\/wp-json\/wp\/v2\/pages\/518","targetHints":{"allow":["GET"]}}],"collection":[{"href":"https:\/\/www.cultura.ch\/it\/wp-json\/wp\/v2\/pages"}],"about":[{"href":"https:\/\/www.cultura.ch\/it\/wp-json\/wp\/v2\/types\/page"}],"author":[{"embeddable":true,"href":"https:\/\/www.cultura.ch\/it\/wp-json\/wp\/v2\/users\/7"}],"replies":[{"embeddable":true,"href":"https:\/\/www.cultura.ch\/it\/wp-json\/wp\/v2\/comments?post=518"}],"version-history":[{"count":1,"href":"https:\/\/www.cultura.ch\/it\/wp-json\/wp\/v2\/pages\/518\/revisions"}],"predecessor-version":[{"id":519,"href":"https:\/\/www.cultura.ch\/it\/wp-json\/wp\/v2\/pages\/518\/revisions\/519"}],"up":[{"embeddable":true,"href":"https:\/\/www.cultura.ch\/it\/wp-json\/wp\/v2\/pages\/509"}],"wp:attachment":[{"href":"https:\/\/www.cultura.ch\/it\/wp-json\/wp\/v2\/media?parent=518"}],"curies":[{"name":"wp","href":"https:\/\/api.w.org\/{rel}","templated":true}]}}

<p><a href="http://www.cultura.ch/wp-content/uploads/2017/10/Buecherbox.png"><img loading="lazy" decoding="async" class="alignnone size-full wp-image-421" src="http://www.cultura.ch/wp-content/uploads/2017/10/Buecherbox.png" alt="Bücherbox" width="400" height="401" srcset="https://www.cultura.ch/wp-content/uploads/2017/10/Buecherbox.png 400w, https://www.cultura.ch/wp-content/uploads/2017/10/Buecherbox-150x150.png 150w, https://www.cultura.ch/wp-content/uploads/2017/10/Buecherbox-300x300.png 300w" sizes="auto, (max-width: 400px) 100vw, 400px" /></a></p>
<p>Il Canton Berna conta attualmente 46 centri d&#8217;accoglienza con oltre 4000 posti. Gli operatori che lavorano in queste strutture devono svolgere una tale quantità di mansioni che la fornitura di libri non è, comprensibilmente, una priorità. Qui subentra l&#8217;associazione appositamente fondata Bücherboxen für Flüchtlinge (Scatole di libri per i rifugiati), che vuole mettere a loro disposizione un servizio di biblioteca in modo da favorire, tra le altre cose, l&#8217;integrazione linguistica e culturale.</p>
<p>Ogni scatola contiene dai 40 ai 50 libri appena acquistati. La selezione dei titoli si basa sul bilinguismo. Le scatole contengono ad esempio libri bilingui illustrati, libri &#8220;parlanti&#8221; per il sistema Tiptoi, atlanti, guide cittadine, manuali di tedesco e dizionari.</p>
<p>Per maggiori informazioni: <a href="http://www.bücherbox.ch/" target="_blank" rel="noopener">Verein Bücherboxen</a></p>

<p>Il Canton Berna conta attualmente 46 centri d&#8217;accoglienza con oltre 4000 posti. Gli operatori che lavorano in queste strutture devono svolgere una tale quantità di mansioni che la fornitura di libri non è, comprensibilmente, una priorità. Qui subentra l&#8217;associazione appositamente fondata Bücherboxen für Flüchtlinge (Scatole di libri per i rifugiati), che vuole mettere a loro &hellip; <a href="https://www.cultura.ch/it/eventi/progetti-con-rifugiati/scatole-di-libri/" class="more-link">Continua la lettura di <span class="screen-reader-text">Scatole di libri</span> <span class="meta-nav">&rarr;</span></a></p>

<!-- This site is optimized with the Yoast SEO plugin v27.5 - https://yoast.com/product/yoast-seo-wordpress/ -->
<title>Scatole di libri - CULTURA</title>
<meta name="robots" content="index, follow, max-snippet:-1, max-image-preview:large, max-video-preview:-1" />
<link rel="canonical" href="https://www.cultura.ch/it/eventi/progetti-con-rifugiati/scatole-di-libri/" />
<meta property="og:locale" content="it_IT" />
<meta property="og:type" content="article" />
<meta property="og:title" content="Scatole di libri - CULTURA" />
<meta property="og:description" content="Il Canton Berna conta attualmente 46 centri d&#8217;accoglienza con oltre 4000 posti. Gli operatori che lavorano in queste strutture devono svolgere una tale quantità di mansioni che la fornitura di libri non è, comprensibilmente, una priorità. Qui subentra l&#8217;associazione appositamente fondata Bücherboxen für Flüchtlinge (Scatole di libri per i rifugiati), che vuole mettere a loro &hellip; Continua la lettura di Scatole di libri &rarr;" />
<meta property="og:url" content="https://www.cultura.ch/it/eventi/progetti-con-rifugiati/scatole-di-libri/" />
<meta property="og:site_name" content="CULTURA" />
<meta property="og:image" content="http://www.cultura.ch/wp-content/uploads/2017/10/Buecherbox.png" />
<meta name="twitter:label1" content="Tempo di lettura stimato" />
	<meta name="twitter:data1" content="1 minuto" />
<script type="application/ld+json" class="yoast-schema-graph">{"@context":"https:\/\/schema.org","@graph":[{"@type":"WebPage","@id":"https:\/\/www.cultura.ch\/it\/eventi\/progetti-con-rifugiati\/scatole-di-libri\/","url":"https:\/\/www.cultura.ch\/it\/eventi\/progetti-con-rifugiati\/scatole-di-libri\/","name":"Scatole di libri - CULTURA","isPartOf":{"@id":"https:\/\/www.cultura.ch\/it\/#website"},"primaryImageOfPage":{"@id":"https:\/\/www.cultura.ch\/it\/eventi\/progetti-con-rifugiati\/scatole-di-libri\/#primaryimage"},"image":{"@id":"https:\/\/www.cultura.ch\/it\/eventi\/progetti-con-rifugiati\/scatole-di-libri\/#primaryimage"},"thumbnailUrl":"http:\/\/www.cultura.ch\/wp-content\/uploads\/2017\/10\/Buecherbox.png","datePublished":"2017-10-11T16:48:23+00:00","breadcrumb":{"@id":"https:\/\/www.cultura.ch\/it\/eventi\/progetti-con-rifugiati\/scatole-di-libri\/#breadcrumb"},"inLanguage":"it-IT","potentialAction":[{"@type":"ReadAction","target":["https:\/\/www.cultura.ch\/it\/eventi\/progetti-con-rifugiati\/scatole-di-libri\/"]}]},{"@type":"ImageObject","inLanguage":"it-IT","@id":"https:\/\/www.cultura.ch\/it\/eventi\/progetti-con-rifugiati\/scatole-di-libri\/#primaryimage","url":"http:\/\/www.cultura.ch\/wp-content\/uploads\/2017\/10\/Buecherbox.png","contentUrl":"http:\/\/www.cultura.ch\/wp-content\/uploads\/2017\/10\/Buecherbox.png"},{"@type":"BreadcrumbList","@id":"https:\/\/www.cultura.ch\/it\/eventi\/progetti-con-rifugiati\/scatole-di-libri\/#breadcrumb","itemListElement":[{"@type":"ListItem","position":1,"name":"Startseite","item":"https:\/\/www.cultura.ch\/it\/"},{"@type":"ListItem","position":2,"name":"Offerta culturale per e con rifugiati e richiedenti asilo","item":"https:\/\/www.cultura.ch\/it\/progetti-con-rifugiati\/"},{"@type":"ListItem","position":3,"name":"Scatole di libri"}]},{"@type":"WebSite","@id":"https:\/\/www.cultura.ch\/it\/#website","url":"https:\/\/www.cultura.ch\/it\/","name":"CULTURA","description":"Dachverband für die Interessenverbände der Schweizer Kulturinstitutionen","potentialAction":[{"@type":"SearchAction","target":{"@type":"EntryPoint","urlTemplate":"https:\/\/www.cultura.ch\/it\/?s={search_term_string}"},"query-input":{"@type":"PropertyValueSpecification","valueRequired":true,"valueName":"search_term_string"}}],"inLanguage":"it-IT"}]}</script>
<!-- / Yoast SEO plugin. -->

Il Canton Berna conta attualmente 46 centri d&#8217;accoglienza con oltre 4000 posti. Gli operatori che lavorano in queste strutture devono svolgere una tale quantità di mansioni che la fornitura di libri non è, comprensibilmente, una priorità. Qui subentra l&#8217;associazione appositamente fondata Bücherboxen für Flüchtlinge (Scatole di libri per i rifugiati), che vuole mettere a loro &hellip; Continua la lettura di Scatole di libri &rarr;

Dachverband für die Interessenverbände der Schweizer Kulturinstitutionen
